t d(q) be the first derivative of q**4/4 + 7*q**3/3 + 11*q**2/2 - 4*q + 860. Calculate d(-5).
-9
Let p = 9380 + -9379. Let z(j) be the second derivative of -j**3/6 - 11*j**2/2 - 2*j. Let q(r) = -2. Let v(w) = p*z(w) - 5*q(w). Give v(-1).
0
Let o(y) = -3*y**2 + 16*y - 48. Let c(x) = -x**2 + 9*x - 21. Let m(w) = 7*c(w) - 3*o(w). What is m(-8)?
5
Let p be (-12)/15 - (-8 - (-99)/45). Let i(f) be the second derivative of 5/6*f**3 + 3*f**2 + 0 + 1/2*f**4 + 1/20*f**p + 14*f. What is i(-5)?
6
Let v be (-16)/(-28) + 40/(-70). Suppose v*i + 15*i = 0. Let f(w) = w - 3. Give f(i).
-3
Suppose -199*p - 64 + 3248 = 0. Let j(n) = -3*n + 53. Calculate j(p).
5
Let a(b) = b**3 + 7*b**2 + b + 4. Suppose -10*q - 46 = 7 + 17. What is a(q)?
-3
Suppose -86*x = -437 - 165. Let m(r) = -r**3 + 8*r**2 - 5*r + 11. Give m(x).
25
Let n(b) = 7*b**2 + 69*b - 39*b - b**3 - 36*b + 7. Let d be 3/(-3 - (-35)/10)*1. Calculate n(d).
7
Let j(d) be the first derivative of 1/3*d**3 + 130 + 9/2*d**2 + 3*d. Calculate j(-5).
-17
Let z = -5 + 3. Let a(b) = b**2 + 3*b - 5. Let d(i) be the third derivative of i**4/24 + i**3/6 - 133*i**2. Let r(u) = z*d(u) - a(u). Calculate r(-6).
-3
Let t(r) = -r**3 + 14*r**2. Let h(j) = -3*j**2 - j - 1. Let a be (-2)/10 + 4/(-5). Let z(p) = a*t(p) - 3*h(p). Determine z(3).
-6
Let n(c) = c**3 - 3*c + 1. Let b = 2293 - 2293. Determine n(b).
1
Let c be (-2)/(-9) - (-8)/(-504)*14. Let f(x) be the third derivative of 0*x - 1/24*x**4 - x**2 + 1/60*x**5 + 5/6*x**3 + 0. Give f(c).
5
Let p(w) = -w + 20. Suppose 0 = -r - 18*r + 57. Suppose 32 = r*x + 2*d - 5, 9 = x - d. Calculate p(x).
9
Let i(q) = -8*q**2 + 6*q - 8. Let d(m) = 2*m**2 + 22*m - 20. Let f be d(1). What is i(f)?
-112
Let q = 30791 + -30791. Let l(c) be the second derivative of c**4/12 + c**3/6 + 10*c**2 + 3*c. Determine l(q).
20
Let r(w) = -2*w - 1. Suppose 133 = 4*p + 117. Suppose -5*y - 17 + 11 = -4*k, p*y = 2*k. What is r(y)?
-5
Let z = -606 - -630. Let r(s) = -s**2 + 22*s + 29. What is r(z)?
-19
Let r be -9*2/(-6)*2. Let n(p) = -5 + 2*p - 5*p + r + p. Let f(g) = 79*g + 635. Let c be f(-8). Calculate n(c).
-5
Suppose 19 = j + 2. Suppose 0 = -4*w + j + 19. Let r(h) = h - 14. Let z be r(w). Let t(q) = q**2 + 3*q + 3. Determine t(z).
13
Let d(n) be the second derivative of n**5/20 + 11*n**4/12 + 5*n**3/6 + 21*n**2/2 - 705*n. Calculate d(-11).
-34
Let c(j) = -2*j + 1. Let g = 556 - 553. Suppose -5*k + 9 = -g*m - 14, m + 4*k + 19 = 0. What is c(m)?
23
Let j(q) be the first derivative of 1/24*q**4 + 0*q + 23/2*q**2 - 1/3*q**3 - 6. Let a(x) be the second derivative of j(x). Give a(5).
3
Let r be 1/(9/27) - -2. Let t(f) = 5*f - 6 - r*f + 6*f + 2. Calculate t(-6).
-40
Suppose -2*q + 20 = t - 96, 2*t + 128 = 2*q. Let u(n) = 1 - 18*n**2 - 18*n**2 + 2*n - 4 - 23*n**2 + q*n**2. Let h = 1 + -4. Determine u(h).
0
Let i(b) = -37*b - 22. Let m(d) = 31*d + 22. Let s(h) = 5*i(h) + 6*m(h). Suppose -100 = 17*q - 7*q. Determine s(q).
12
Let y(c) = -c**2 + 13*c + 301. Let i be (8/(-6)*-6)/((-1236)/206)*9. What is y(i)?
1
Let k(q) = q**2 - 16*q + 20. Let s = -4911 - -4926. Determine k(s).
5
Let d(t) be the third derivative of 0 - 5/8*t**4 - 131*t**2 - 4/3*t**3 - 1/60*t**5 + 0*t. Calculate d(-13).
18
Let o(f) = -f**3 + 2*f**2 + 3*f + 4. Suppose -4*d - 1079 = -5*h, -21*d + 16*d + 20 = 0. Let w = h - 215. What is o(w)?
-16
Let l(p) = 7*p + 12. Suppose i + 16*t = 12*t - 17, 2*t = -4*i - 26. Calculate l(i).
-23
Let d(j) = -8 + 2399*j - 14 - 2413*j - 15. Calculate d(-2).
-9
Let c(r) = 4*r**2 + 8*r - 5. Let t(g) be the first derivative of g**3/3 + g**2/2 - 45. Let x(p) = -c(p) + 3*t(p). Let k be (-11)/2 - (-1)/2. Give x(k).
5
Let t(c) = -2*c**2 - 5*c + 17. Let f(j) = 2*j**3 + 14*j**2 + 6*j - 30. Let b be f(-6). Give t(b).
-85
Let b(v) = -v - 76. Let c(d) = d + 35. Let s(m) = -4*b(m) - 9*c(m). Give s(-3).
4
Let r(f) = -f**2 + 7*f - 1. Let b(m) = -3*m**2 + 3*m + 51. Let y(j) = b(j) - 4*r(j). What is y(17)?
-81
Suppose 4*x - 2*x = 2*n - 536, 2*x + 802 = 3*n. Let g = -260 + n. Let v(w) = -w**2 + 6*w + 4. Determine v(g).
4
Suppose -5*s + 4*i = -1374, -s - 2*i + 4*i + 270 = 0. Let k(m) = 7*m - 135 + s - 143 + m**2. What is k(-4)?
-12
Let s(v) = 214 + 217 - 2*v**2 + 24*v - 397. What is s(14)?
-22
Let k = 77 + -160. Let j = -88 - k. Let i(t) = 8*t + 5. Let s(u) = -5*u - 3. Let x(z) = j*s(z) - 3*i(z). What is x(-2)?
-2
Let c(f) = -f**2 - 5*f + 27. Let p(a) = -2*a**2 - 11*a + 56. Let g(r) = -5*c(r) + 3*p(r). Let n be g(-11). Let q(w) = -w**2 - 8. Determine q(n).
-8
Let v(s) = -40*s + 80. Let f = 1397 + -1395. What is v(f)?
0
Let v = 734 + -723. Let d(k) be the first derivative of -k**2/2 + 3*k - 1. Let r(t) = 2*t - 6. Let f(c) = v*d(c) + 6*r(c). Give f(2).
-1
Let z(p) = -148*p - 1058. Let u be z(-7). Let v(j) = -j**3 - 22*j**2 + 2*j + 42. Give v(u).
-2
Let s = 16 - 10. Let y(z) be the first derivative of -z**5/60 + z**4/6 + z**3/6 - 146*z**2 + 181. Let c(n) be the second derivative of y(n). What is c(s)?
-11
Let m(s) = 26 + 2126*s - 2137*s - 18 - 28 - s**2. What is m(-9)?
-2
Let c(j) = -j**3 - 6*j**2 + j. Let x = 3749 - 1924. Suppose 1829*w - x*w = -20. Calculate c(w).
-30
Suppose 0 = 17*r - 371 - 88. Suppose -31*x = -r*x - 16. Let c(p) = -p**2 - 2*p. Calculate c(x).
-24
Let h(g) = -8*g**3 + 7*g**2 - 2*g. Let z(v) = -3*v**3 + 2*v**2 + v. Let m(u) = -h(u) + 3*z(u). Give m(3).
-21
Let r(q) be the second derivative of -q**4/12 + 3*q**3/2 - 2*q**2 + 14*q. Let c = -2469 - -2476. Give r(c).
10
Let f be (1 - 1)*(-9)/((-189)/(-21)). Let a(z) be the third derivative of -1/12*z**4 - 3*z**2 - 1/6*z**3 + f*z + 0. What is a(-2)?
3
Let t(o) = o**2 - 10*o + 9. Let s = -980 - -1816. Suppose -i + 842 = s. Give t(i).
-15
Let a = -266 - -271. Let r be ((-8)/7)/((-132)/(-28) - a). Let k(v) = -v**2 + 3*v. Determine k(r).
-4
Let a be (0 + 0)*(-76 + 77). Let y(j) = -2*j**2 + 29*j + 7. What is y(a)?
7
Let m(g) = -g - 8. Let w(i) = -20*i**3 + 8*i**2 + 19*i - 6. Let c be w(-3). Let n = c - 549. Give m(n).
-8
Let t(q) be the third derivative of -q**5/30 + 2*q**4/3 - 25*q**3/6 - 4095*q**2. Determine t(7).
-11
Let r(v) = -33*v**2 + v - 1. Let q be ((-152)/114)/(8/(-6)). Give r(q).
-33
Let t(h) = 49 - 1 - 5*h - 19*h + 31*h - 12*h. Give t(4).
28
Let u = 42 - 35. Let n(a) = -11*a + 19. Let v(x) be the third derivative of -2*x**4/3 + 14*x**3/3 + 5*x**2. Let t(y) = u*n(y) - 5*v(y). Give t(5).
8
Let h be (-1*1/2)/(59/118). Let y(b) = -12*b - 7. Calculate y(h).
5
Let q be (-2 + -1)*56/12. Let h(x) = -x**3 - 10700371*x + 10700356*x - 8 + 2*x**3 + 13*x**2. Give h(q).
6
Suppose 2*b + 105 = 17*b. Let r(d) = b + 25*d - 22*d - 5 - 3*d**2. Let p(l) = l**2 + l - 2. Let f be p(0). What is r(f)?
-16
Let x be (14/10 + -1)*-30. Let n be (x/(-2))/(-1*2). Let c(a) be the second derivative of -11*a**3/6 - 2*a**2 - 4007*a. Give c(n).
29
Let j(p) = -p + 1. Let d(l) = 2*l**2 + 3*l + 13. Let m be d(-4). Let v = -5 + m. Let h be (-4)/(-14) - 54*(-4)/v. Give j(h).
-7
Let z(o) = 3*o**2 - 9*o + 1. Let n(u) = 2*u**2 - 6*u + 1. Let b(t) = -8*t - 9. Let l be b(-2). Let j(x) = l*n(x) - 5*z(x). Determine j(8).
-38
Let k(u) = 25*u - 584*u**3 + 193*u**3 - 26 - 10*u**2 + 198*u**3 + 192*u**3. Calculate k(-12).
-38
Let r(j) = -2*j**2 - 13*j + 25. Suppose 0 = 74*a - 82*a - 104. Let f(g) = -g**2 - 6*g + 12. Let d(o) = a*f(o) + 6*r(o). Give d(0).
-6
Let v be (-6 + (-84)/8)/3*-2. Let k(x) = 2*x - 24. Calculate k(v).
-2
Let s(l) = 2*l + 1. Let f(g) = 8*g - 9. Let w = -33 - -15. Let b = w - -20. Let h be f(b). Calculate s(h).
15
Let b = 136 - 70. Let l(r) = 8*r**2 - 100*r - 52. Let h be l(13). Suppose -11*x - b = -h*x. Let p(w) = -w**2 - w + 8. Determine p(x).
-22
Let p(s) = s + 33. Let d be p(0). Let a be (-2)/(-4) - d/(-22). Let m(f) = -33*f + 14*f + a + 18*f - f**3. Determine m(-2).
12
Let k(o) = o**2 + 4*o - 4. Suppose -4*r - 17 = 3*y, -156*y + 158*y - 22 = 4*r. What is k(r)?
1
Suppose 4*t - 307 = 3*l, -5*l - 194 = -2*t + 327. Let k = -103 - l. Let x(a) = -42 + 97 - k*a - 37. What is x(12)?
-6
Let m(i) be the first derivative of -i**3/3 - 7*i**2 + 3*i - 1119. What is m(-14)?
3
Suppose -5*j - 12 = h - 3, -2*j = 0. Let k(c) = c - 24. Calculate k(h).
-33
Let k(t) = -15*t - 99. Let p be k(-7). Suppose p*w = 18 + 6. Let j(q) = -q**3 + 4*q**2 - 2*q + 2. What is j(w)?
-6
Let s(a) = 5*a + 2. Let u(j) = -7*j - 5.